vide 133133481?
True
Is 15234321 a multiple of 137?
False
Is 72 a factor of 4125910906?
False
Is 743 a factor of 1468519347?
False
Is 7 a factor of 532092905?
False
Does 270 divide 896037390?
True
Does 655 divide 748987915?
True
Is 23 a factor of 38678065?
True
Is 36 a factor of 686142775?
False
Does 273 divide 566678931?
True
Does 97 divide 33674132?
True
Does 1641 divide 669046?
False
Does 2 divide 172859773?
False
Is 359765425 a multiple of 575?
True
Is 342 a factor of 397182690?
False
Does 2519 divide 855137525?
True
Is 108 a factor of 3388774860?
True
Is 7436690716 a multiple of 23?
False
Does 167 divide 300386388?
False
Is 78968904 a multiple of 25?
False
Is 747 a factor of 89291162?
False
Is 8007783 a multiple of 228?
False
Is 10 a factor of 161647050?
True
Does 20 divide 1634438?
False
Does 13612 divide 2600490928?
True
Is 14873040 a multiple of 1638?
True
Is 13 a factor of 21558221?
False
Is 225 a factor of 3312900?
True
Does 118 divide 103056192?
False
Does 65 divide 30799672?
False
Is 151 a factor of 35423996?
True
Does 1947 divide 237467802?
True
Is 4306 a factor of 2678231148?
False
Does 3493 divide 2668652?
True
Is 14 a factor of 82783868?
False
Is 1077 a factor of 67503129?
True
Is 189 a factor of 143218484?
False
Does 1253 divide 1713150?
False
Does 1978 divide 1731690068?
False
Does 73 divide 259015461?
True
Is 10 a factor of 69322620?
True
Is 173 a factor of 4113862?
False
Is 767 a factor of 7721617?
False
Is 72 a factor of 212390335?
False
Does 757 divide 3843756069?
True
Is 522107703 a multiple of 37?
True
Does 25 divide 13045867?
False
Is 5 a factor of 10576260?
True
Is 5497307 a multiple of 153?
False
Is 3873049135 a multiple of 1383?
False
Is 59538962 a multiple of 1871?
True
Does 54 divide 13196860?
False
Is 6 a factor of 31971402?
True
Does 59 divide 18831115?
False
Is 17810532 a multiple of 15?
False
Is 352538196 a multiple of 69?
False
Is 1036 a factor of 2312286611?
False
Is 130780592 a multiple of 955?
False
Does 43 divide 1720272124?
False
Is 53 a factor of 614785718?
False
Does 117 divide 41659025?
False
Does 7 divide 228718000?
True
Does 941 divide 34488710?
False
Does 15 divide 230213715?
True
Does 232 divide 57799088?
True
Is 6391 a factor of 1538026105?
True
Is 22 a factor of 4242920?
True
Does 630 divide 114467705?
False
Is 1662745130 a multiple of 690?
False
Is 34536217 a multiple of 10?
False
Does 9 divide 244362636?
True
Is 31227428 a multiple of 3119?
True
Does 106 divide 30165076?
False
Does 60 divide 1924960140?
True
Does 191 divide 8705007?
False
Does 1222 divide 31446948?
True
Is 229 a factor of 167148565?
False
Is 334550692 even?
True
Does 740 divide 21844946?
False
Is 82 a factor of 101493712?
False
Is 49523367 a multiple of 779?
True
Is 895 a factor of 31274215?
False
Does 1281 divide 671948018?
False
Is 7274956 a multiple of 62?
True
Is 35 a factor of 4331094022?
False
Is 21 a factor of 532927458?
True
Is 143489278 a multiple of 2404?
False
Is 41 a factor of 120260052?
True
Is 159 a factor of 30126525?
True
Is 336276480 a multiple of 24?
True
Does 3115 divide 52095260?
True
Does 1436 divide 2181258152?
True
Does 9 divide 107769951?
True
Does 66 divide 27899889?
False
Does 213 divide 107693013?
True
Does 97 divide 2986758137?
True
Is 68 a factor of 6909937?
False
Does 3184 divide 1249289167?
False
Does 301 divide 79815568?
True
Is 96 a factor of 1058782272?
True
Does 206 divide 936820020?
True
Is 170 a factor of 346215086?
False
Is 105 a factor of 79019010?
True
Does 76 divide 46303532?
True
Is 3511496085 a multiple of 9660?
False
Does 71 divide 5847585?
False
Is 49434979 a multiple of 19?
True
Is 66 a factor of 166037982?
True
Does 22 divide 1178612954?
False
Does 3840 divide 778801920?
True
Is 129 a factor of 104324880?
True
Does 2541 divide 130958812?
False
Does 24 divide 1327214853?
False
Is 1675151001 a multiple of 1263?
True
Is 245569008 a multiple of 246?
True
Is 124561944 a multiple of 3646?
True
Is 34099921 a multiple of 1599?
False
Is 111439040 a multiple of 32?
True
Does 597 divide 15996048?
False
Does 516 divide 713477945?
False
Does 841 divide 319945835?
True
Is 4881 a factor of 4399927511?
False
Is 454085946 a multiple of 3?
True
Is 24609519 a multiple of 1335?
False
Does 44 divide 1512231340?
False
Does 47 divide 34097278?
True
Does 362 divide 280861320?
True
Is 223321616 a multiple of 392?
True
Does 10 divide 33781496?
False
Is 4668594 a multiple of 1218?
True
Is 29772492 a multiple of 74?
False
Does 202 divide 129588858?
True
Does 88 divide 28383432?
True
Is 33 a factor of 78952896?
True
Does 494 divide 13929778?
False
Is 163976644 a multiple of 52?
True
Does 11 divide 76970905?
True
Is 22 a factor of 1624189204?
True
Is 3074405787 a multiple of 11?
False
Does 14 divide 1094995650?
True
Is 119 a factor of 68065501?
True
Does 4743 divide 508283595?
True
Is 10 a factor of 24535139?
False
Is 68423670 a multiple of 1107?
True
Does 704 divide 2132337152?
True
Does 13 divide 1191598902?
True
Is 419668591 a multiple of 181?
True
Is 89764285 a multiple of 1495?
True
Does 14 divide 252621647?
False
Is 18340764 a multiple of 267?
True
Does 56 divide 18723730?
False
Is 1891114575 a multiple of 3675?
True
Does 18 divide 350344118?
False
Is 10145422 a multiple of 83?
True
Is 183688375 a multiple of 25?
True
Is 3 a factor of 10563909?
True
Is 336135228 a multiple of 858?
True
Is 12632741 a multiple of 1446?
False
Is 49 a factor of 325592609?
False
Is 8 a factor of 1073356920?
True
Does 10 divide 97901790?
True
Is 144879093 a multiple of 2017?
True
Does 263 divide 53400835?
True
Does 5 divide 7920725?
True
Is 162 a factor of 80595171?
False
Is 7 a factor of 138982719?
False
Is 74 a factor of 433278859?
False
Is 625 a factor of 746315625?
True
Is 2 a factor of 34748115?
False
Does 158 divide 12436838?
False
Is 1556971344 a multiple of 25?
False
Does 2127 divide 2032657161?
False
Does 14 divide 659795419?
False
Does 1517 divide 18275015?
False
Is 87 a factor of 75353655?
False
Does 56 divide 2813473320?
True
Is 116 a factor of 218183820?
True
Does 51 divide 13167619?
False
Does 243 divide 110738988?
True
Is 211731279 a multiple of 7975?
False
Is 22 a factor of 32953580?
True
Is 989416192 a multiple of 4?
True
Is 18682350 a multiple of 75?
True
Is 1002820338 a multiple of 26?
True
Is 26 a factor of 185299140?
True
Is 1903 a factor of 275375518?
True
Is 34283447 a multiple of 10?
False
Does 344 divide 187314655?
False
Is 116 a factor of 23982536?
True
Does 268 divide 44000776?
True
Is 283 a factor of 33661395?
False
Is 25 a factor of 1619857728?
False
Is 544 a factor of 389907993?
False
Is 119 a factor of 55547772?
True
Is 116987087 a multiple of 2989?
False
Is 67154502 a multiple of 2100?
False
Does 145 divide 11762835?
True
Does 1038 divide 41877072?
True
Is 5061 a factor of 1083625893?
True
Is 459099416 a multiple of 84?
False
Does 1193 divide 110630469?
True
Does 138 divide 5892838?
False
Is 8578363 a multiple of 44?
False
Does 537 divide 246210502?
False
Is 148853276 a multiple of 33?
False
Does 5 divide 11419295?
True
Does 3951 divide 157842450?
True
Is 1642 a factor of 610866132?
False
Is 27 a factor of 3783667?
False
Does 18 divide 1395496656?
True
Does 26 divide 15302846?
True
Is 24264089 a multiple of 19?
False
Is 97 a factor of 5334387?
False
Does 8 divide 157258176?
True
Does 5 divide 1164090?
True
Is 45 a factor of 23019795?
True
Is 237350928 a multiple of 25?
False
Is 128 a factor of 44302418?
False
Does 11 divide 555437388?
True
Is 18 a factor of 214618842?
True
Is 10 a factor of 12325873?
False
Is 80757201 a multiple of 7?
True
Is 131627724 a multiple of 522?
False
Is 310 a factor of 1171466613?
False
Does 2764 divide 46133924?
True
Is 168 a factor of 4014192?
True
Does 227 divide 216015097?
False
Is 31585085 a multiple of 2638?
False
Is 2820 a factor of 4106018700?
True
Does 34 divide 624743948?
True
Is 38273160 a multiple of 15?
True
Is 769 a factor of 10639133?
False
Is 5387 a factor of 539190217?
True
Does 10 divide 6988410?
True
Is 9 a factor of 122315367?
False
Does 5 divide 238783040?
True
Does 4030 divide 444682290?
True
Is 91 a factor of 108898710?
False
Is 511360191 a multiple of 6?
False
Does 19 divide 31174402?
True
Is 735 a factor of 96108439?
False
Does 3015 divide